[INFO] cloning repository https://github.com/Takamichi-tsutsumi/tinyhttp
[INFO] running `Command { std: "git" "-c" "credential.helper=" "-c" "credential.helper=/workspace/cargo-home/bin/git-credential-null" "clone" "--bare" "https://github.com/Takamichi-tsutsumi/tinyhttp" "/workspace/cache/git-repos/https%3A%2F%2Fgithub.com%2FTakamichi-tsutsumi%2Ftinyhttp", kill_on_drop: false }`
[INFO] [stderr] Cloning into bare repository '/workspace/cache/git-repos/https%3A%2F%2Fgithub.com%2FTakamichi-tsutsumi%2Ftinyhttp'...
[INFO] running `Command { std: "git" "rev-parse" "HEAD", kill_on_drop: false }`
[INFO] [stdout] 737d1be98390810fb47bd2a2820a4ee70c4bfd4f
[INFO] checking Takamichi-tsutsumi/tinyhttp against master#9610dfe5a9a731ced1ea4923ecbd0c57fe367898 for beta-170-4
[INFO] running `Command { std: "git" "clone" "/workspace/cache/git-repos/https%3A%2F%2Fgithub.com%2FTakamichi-tsutsumi%2Ftinyhttp" "/workspace/builds/worker-2-tc1/source", kill_on_drop: false }`
[INFO] [stderr] Cloning into '/workspace/builds/worker-2-tc1/source'...
[INFO] [stderr] done.
[INFO] validating manifest of git repo https://github.com/Takamichi-tsutsumi/tinyhttp on toolchain 9610dfe5a9a731ced1ea4923ecbd0c57fe367898
[INFO] running `Command { std: CARGO_HOME="/workspace/cargo-home" RUSTUP_HOME="/workspace/rustup-home" "/workspace/cargo-home/bin/cargo" "+9610dfe5a9a731ced1ea4923ecbd0c57fe367898" "metadata" "--manifest-path" "Cargo.toml" "--no-deps", kill_on_drop: false }`
[INFO] started tweaking git repo https://github.com/Takamichi-tsutsumi/tinyhttp
[INFO] finished tweaking git repo https://github.com/Takamichi-tsutsumi/tinyhttp
[INFO] tweaked toml for git repo https://github.com/Takamichi-tsutsumi/tinyhttp written to /workspace/builds/worker-2-tc1/source/Cargo.toml
[INFO] crate git repo https://github.com/Takamichi-tsutsumi/tinyhttp already has a lockfile, it will not be regenerated
[INFO] running `Command { std: CARGO_HOME="/workspace/cargo-home" RUSTUP_HOME="/workspace/rustup-home" "/workspace/cargo-home/bin/cargo" "+9610dfe5a9a731ced1ea4923ecbd0c57fe367898" "fetch" "--manifest-path" "Cargo.toml", kill_on_drop: false }`
[INFO] [stderr]  Downloading crates ...
[INFO] [stderr]   Downloaded tokio-fs v0.1.0
[INFO] [stderr]   Downloaded tokio-timer v0.2.3
[INFO] [stderr]   Downloaded crossbeam-deque v0.3.1
[INFO] [stderr]   Downloaded tokio-threadpool v0.1.3
[INFO] [stderr]   Downloaded http v0.1.5
[INFO] [stderr]   Downloaded bytes v0.4.7
[INFO] [stderr]   Downloaded tokio v0.1.6
[INFO] running `Command { std: "docker" "create" "-v" "/var/lib/crater-agent-workspace/builds/worker-2-tc1/target:/opt/rustwide/target:rw,Z" "-v" "/var/lib/crater-agent-workspace/builds/worker-2-tc1/source:/opt/rustwide/workdir:ro,Z" "-v" "/var/lib/crater-agent-workspace/cargo-home:/opt/rustwide/cargo-home:ro,Z" "-v" "/var/lib/crater-agent-workspace/rustup-home:/opt/rustwide/rustup-home:ro,Z" "-e" "SOURCE_DIR=/opt/rustwide/workdir" "-e" "CARGO_TARGET_DIR=/opt/rustwide/target" "-e" "CARGO_HOME=/opt/rustwide/cargo-home" "-e" "RUSTUP_HOME=/opt/rustwide/rustup-home" "-w" "/opt/rustwide/workdir" "-m" "1610612736" "--user" "0:0" "--network" "none" "ghcr.io/rust-lang/crates-build-env/linux@sha256:19e73879b68f455e41552ea35293514db52ea292d993f571636dbffedb77a1ee" "/opt/rustwide/cargo-home/bin/cargo" "+9610dfe5a9a731ced1ea4923ecbd0c57fe367898" "metadata" "--no-deps" "--format-version=1", kill_on_drop: false }`
[INFO] [stdout] 8fd0255ccf1c46345d901659e4747a17c02a3f9a49f4b48ff50e8bbc0b817146
[INFO] running `Command { std: "docker" "start" "-a" "8fd0255ccf1c46345d901659e4747a17c02a3f9a49f4b48ff50e8bbc0b817146", kill_on_drop: false }`
[INFO] running `Command { std: "docker" "inspect" "8fd0255ccf1c46345d901659e4747a17c02a3f9a49f4b48ff50e8bbc0b817146", kill_on_drop: false }`
[INFO] running `Command { std: "docker" "rm" "-f" "8fd0255ccf1c46345d901659e4747a17c02a3f9a49f4b48ff50e8bbc0b817146", kill_on_drop: false }`
[INFO] [stdout] 8fd0255ccf1c46345d901659e4747a17c02a3f9a49f4b48ff50e8bbc0b817146
[INFO] running `Command { std: "docker" "create" "-v" "/var/lib/crater-agent-workspace/builds/worker-2-tc1/target:/opt/rustwide/target:rw,Z" "-v" "/var/lib/crater-agent-workspace/builds/worker-2-tc1/source:/opt/rustwide/workdir:ro,Z" "-v" "/var/lib/crater-agent-workspace/cargo-home:/opt/rustwide/cargo-home:ro,Z" "-v" "/var/lib/crater-agent-workspace/rustup-home:/opt/rustwide/rustup-home:ro,Z" "-e" "SOURCE_DIR=/opt/rustwide/workdir" "-e" "CARGO_TARGET_DIR=/opt/rustwide/target" "-e" "CARGO_INCREMENTAL=0" "-e" "RUST_BACKTRACE=full" "-e" "RUSTFLAGS=--cap-lints=forbid" "-e" "RUSTDOCFLAGS=--cap-lints=forbid" "-e" "CARGO_HOME=/opt/rustwide/cargo-home" "-e" "RUSTUP_HOME=/opt/rustwide/rustup-home" "-w" "/opt/rustwide/workdir" "-m" "1610612736" "--user" "0:0" "--network" "none" "ghcr.io/rust-lang/crates-build-env/linux@sha256:19e73879b68f455e41552ea35293514db52ea292d993f571636dbffedb77a1ee" "/opt/rustwide/cargo-home/bin/cargo" "+9610dfe5a9a731ced1ea4923ecbd0c57fe367898" "check" "--frozen" "--all" "--all-targets" "--message-format=json", kill_on_drop: false }`
[INFO] [stdout] 207ad27810f4d9a1dc454d5157ff3fe9d92cf35100c24f021bef2e4dcf2e99b5
[INFO] running `Command { std: "docker" "start" "-a" "207ad27810f4d9a1dc454d5157ff3fe9d92cf35100c24f021bef2e4dcf2e99b5", kill_on_drop: false }`
[INFO] [stderr]     Checking libc v0.2.40
[INFO] [stderr]     Checking cfg-if v0.1.3
[INFO] [stderr]     Checking futures v0.1.21
[INFO] [stderr]     Checking byteorder v1.2.2
[INFO] [stderr]     Checking nodrop v0.1.12
[INFO] [stderr]     Checking slab v0.4.0
[INFO] [stderr]     Checking lazycell v0.6.0
[INFO] [stderr]     Checking memoffset v0.2.1
[INFO] [stderr]     Checking scopeguard v0.3.3
[INFO] [stderr]     Checking lazy_static v1.0.0
[INFO] [stderr]     Checking fnv v1.0.6
[INFO] [stderr]     Checking arrayvec v0.4.7
[INFO] [stderr]     Checking log v0.4.1
[INFO] [stderr]     Checking crossbeam-utils v0.3.2
[INFO] [stderr]     Checking crossbeam-epoch v0.4.1
[INFO] [stderr]     Checking iovec v0.1.2
[INFO] [stderr]     Checking net2 v0.2.32
[INFO] [stderr]     Checking num_cpus v1.8.0
[INFO] [stderr]     Checking rand v0.4.2
[INFO] [stderr]     Checking crossbeam-deque v0.3.1
[INFO] [stderr]     Checking bytes v0.4.7
[INFO] [stderr]     Checking mio v0.6.14
[INFO] [stderr]     Checking http v0.1.5
[INFO] [stderr]     Checking tokio-executor v0.1.2
[INFO] [stderr]     Checking tokio-io v0.1.6
[INFO] [stderr]     Checking tokio-threadpool v0.1.3
[INFO] [stderr]     Checking tokio-timer v0.2.3
[INFO] [stderr]     Checking tokio-reactor v0.1.1
[INFO] [stderr]     Checking tokio-fs v0.1.0
[INFO] [stderr]     Checking tokio-udp v0.1.0
[INFO] [stderr]     Checking tokio-tcp v0.1.0
[INFO] [stderr]     Checking tokio v0.1.6
[INFO] [stderr]     Checking tinyhttp v0.1.0 (/opt/rustwide/workdir)
[INFO] [stdout] error[E0277]: the trait bound `Vec<u8>: AsyncWrite` is not satisfied
[INFO] [stdout]   --> src/main.rs:34:36
[INFO] [stdout]    |
[INFO] [stdout] 34 |     let connection = io::write_all(encode(res)).then(|response| {
[INFO] [stdout]    |                      ------------- ^^^^^^^^^^^ the trait `AsyncWrite` is not implemented for `Vec<u8>`
[INFO] [stdout]    |                      |
[INFO] [stdout]    |                      required by a bound introduced by this call
[INFO] [stdout]    |
[INFO] [stdout]    = help: the following other types implement trait `AsyncWrite`:
[INFO] [stdout]              &'a PollEvented2<E>
[INFO] [stdout]              &'a mut T
[INFO] [stdout]              &'a tokio::net::TcpStream
[INFO] [stdout]              Box<T>
[INFO] [stdout]              BufWriter<T>
[INFO] [stdout]              PollEvented2<E>
[INFO] [stdout]              PollEvented<E>
[INFO] [stdout]              WriteHalf<T>
[INFO] [stdout]            and 11 others
[INFO] [stdout] note: required by a bound in `tokio::io::write_all`
[INFO] [stdout]   --> /opt/rustwide/cargo-home/registry/src/index.crates.io-6f17d22bba15001f/tokio-io-0.1.6/src/io/write_all.rs:43:14
[INFO] [stdout]    |
[INFO] [stdout] 42 | pub fn write_all<A, T>(a: A, buf: T) -> WriteAll<A, T>
[INFO] [stdout]    |        --------- required by a bound in this function
[INFO] [stdout] 43 |     where A: AsyncWrite,
[INFO] [stdout]    |              ^^^^^^^^^^ required by this bound in `write_all`
[INFO] [stdout] 
[INFO] [stdout] 
[INFO] [stdout] error[E0061]: this function takes 2 arguments but 1 argument was supplied
[INFO] [stdout]   --> src/main.rs:34:22
[INFO] [stdout]    |
[INFO] [stdout] 34 |     let connection = io::write_all(encode(res)).then(|response| {
[INFO] [stdout]    |                      ^^^^^^^^^^^^^------------- an argument is missing
[INFO] [stdout]    |
[INFO] [stdout] note: function defined here
[INFO] [stdout]   --> /opt/rustwide/cargo-home/registry/src/index.crates.io-6f17d22bba15001f/tokio-io-0.1.6/src/io/write_all.rs:42:8
[INFO] [stdout]    |
[INFO] [stdout] 42 | pub fn write_all<A, T>(a: A, buf: T) -> WriteAll<A, T>
[INFO] [stdout]    |        ^^^^^^^^^
[INFO] [stdout] help: provide the argument
[INFO] [stdout]    |
[INFO] [stdout] 34 |     let connection = io::write_all(encode(res), /* buf */).then(|response| {
[INFO] [stdout]    |                                   ~~~~~~~~~~~~~~~~~~~~~~~~
[INFO] [stdout] 
[INFO] [stdout] 
[INFO] [stdout] error[E0277]: the trait bound `Vec<u8>: AsyncWrite` is not satisfied
[INFO] [stdout]   --> src/main.rs:34:36
[INFO] [stdout]    |
[INFO] [stdout] 34 |     let connection = io::write_all(encode(res)).then(|response| {
[INFO] [stdout]    |                      ------------- ^^^^^^^^^^^ the trait `AsyncWrite` is not implemented for `Vec<u8>`
[INFO] [stdout]    |                      |
[INFO] [stdout]    |                      required by a bound introduced by this call
[INFO] [stdout]    |
[INFO] [stdout]    = help: the following other types implement trait `AsyncWrite`:
[INFO] [stdout]              &'a PollEvented2<E>
[INFO] [stdout]              &'a mut T
[INFO] [stdout]              &'a tokio::net::TcpStream
[INFO] [stdout]              Box<T>
[INFO] [stdout]              BufWriter<T>
[INFO] [stdout]              PollEvented2<E>
[INFO] [stdout]              PollEvented<E>
[INFO] [stdout]              WriteHalf<T>
[INFO] [stdout]            and 11 others
[INFO] [stdout] note: required by a bound in `tokio::io::write_all`
[INFO] [stdout]   --> /opt/rustwide/cargo-home/registry/src/index.crates.io-6f17d22bba15001f/tokio-io-0.1.6/src/io/write_all.rs:43:14
[INFO] [stdout]    |
[INFO] [stdout] 42 | pub fn write_all<A, T>(a: A, buf: T) -> WriteAll<A, T>
[INFO] [stdout]    |        --------- required by a bound in this function
[INFO] [stdout] 43 |     where A: AsyncWrite,
[INFO] [stdout]    |              ^^^^^^^^^^ required by this bound in `write_all`
[INFO] [stdout] 
[INFO] [stdout] 
[INFO] [stdout] error[E0061]: this function takes 2 arguments but 1 argument was supplied
[INFO] [stdout]   --> src/main.rs:34:22
[INFO] [stdout]    |
[INFO] [stdout] 34 |     let connection = io::write_all(encode(res)).then(|response| {
[INFO] [stdout]    |                      ^^^^^^^^^^^^^------------- an argument is missing
[INFO] [stdout]    |
[INFO] [stdout] note: function defined here
[INFO] [stdout]   --> /opt/rustwide/cargo-home/registry/src/index.crates.io-6f17d22bba15001f/tokio-io-0.1.6/src/io/write_all.rs:42:8
[INFO] [stdout]    |
[INFO] [stdout] 42 | pub fn write_all<A, T>(a: A, buf: T) -> WriteAll<A, T>
[INFO] [stdout]    |        ^^^^^^^^^
[INFO] [stdout] help: provide the argument
[INFO] [stdout]    |
[INFO] [stdout] 34 |     let connection = io::write_all(encode(res), /* buf */).then(|response| {
[INFO] [stdout]    |                                   ~~~~~~~~~~~~~~~~~~~~~~~~
[INFO] [stdout] 
[INFO] [stdout] 
[INFO] [stdout] error[E0599]: the method `then` exists for struct `WriteAll<Vec<u8>, _>`, but its trait bounds were not satisfied
[INFO] [stdout]   --> src/main.rs:34:49
[INFO] [stdout]    |
[INFO] [stdout] 34 |     let connection = io::write_all(encode(res)).then(|response| {
[INFO] [stdout]    |                      ---------------------------^^^^ method cannot be called on `WriteAll<Vec<u8>, _>` due to unsatisfied trait bounds
[INFO] [stdout]    |
[INFO] [stdout]   ::: /opt/rustwide/cargo-home/registry/src/index.crates.io-6f17d22bba15001f/tokio-io-0.1.6/src/io/write_all.rs:14:1
[INFO] [stdout]    |
[INFO] [stdout] 14 | pub struct WriteAll<A, T> {
[INFO] [stdout]    | -------------------------
[INFO] [stdout]    | |
[INFO] [stdout]    | doesn't satisfy `WriteAll<Vec<u8>, _>: tokio::prelude::Future`
[INFO] [stdout]    | doesn't satisfy `WriteAll<Vec<u8>, _>: tokio::prelude::Stream`
[INFO] [stdout]   --> /rustc/9610dfe5a9a731ced1ea4923ecbd0c57fe367898/library/alloc/src/vec/mod.rs:396:1
[INFO] [stdout]    |
[INFO] [stdout]    = note: doesn't satisfy `Vec<u8>: AsyncWrite`
[INFO] [stdout]    |
[INFO] [stdout]    = note: the following trait bounds were not satisfied:
[INFO] [stdout]            `Vec<u8>: AsyncWrite`
[INFO] [stdout]            which is required by `WriteAll<Vec<u8>, _>: tokio::prelude::Future`
[INFO] [stdout]            `WriteAll<Vec<u8>, _>: tokio::prelude::Future`
[INFO] [stdout]            which is required by `&mut WriteAll<Vec<u8>, _>: tokio::prelude::Future`
[INFO] [stdout]            `WriteAll<Vec<u8>, _>: tokio::prelude::Stream`
[INFO] [stdout]            which is required by `&mut WriteAll<Vec<u8>, _>: tokio::prelude::Stream`
[INFO] [stdout] 
[INFO] [stdout] 
[INFO] [stdout] error[E0599]: the method `then` exists for struct `WriteAll<Vec<u8>, _>`, but its trait bounds were not satisfied
[INFO] [stdout]   --> src/main.rs:34:49
[INFO] [stdout]    |
[INFO] [stdout] 34 |     let connection = io::write_all(encode(res)).then(|response| {
[INFO] [stdout]    |                      ---------------------------^^^^ method cannot be called on `WriteAll<Vec<u8>, _>` due to unsatisfied trait bounds
[INFO] [stdout]    |
[INFO] [stdout]   ::: /opt/rustwide/cargo-home/registry/src/index.crates.io-6f17d22bba15001f/tokio-io-0.1.6/src/io/write_all.rs:14:1
[INFO] [stdout]    |
[INFO] [stdout] 14 | pub struct WriteAll<A, T> {
[INFO] [stdout]    | -------------------------
[INFO] [stdout]    | |
[INFO] [stdout]    | doesn't satisfy `WriteAll<Vec<u8>, _>: tokio::prelude::Future`
[INFO] [stdout]    | doesn't satisfy `WriteAll<Vec<u8>, _>: tokio::prelude::Stream`
[INFO] [stdout]   --> /rustc/9610dfe5a9a731ced1ea4923ecbd0c57fe367898/library/alloc/src/vec/mod.rs:396:1
[INFO] [stdout]    |
[INFO] [stdout]    = note: doesn't satisfy `Vec<u8>: AsyncWrite`
[INFO] [stdout]    |
[INFO] [stdout]    = note: the following trait bounds were not satisfied:
[INFO] [stdout]            `Vec<u8>: AsyncWrite`
[INFO] [stdout]            which is required by `WriteAll<Vec<u8>, _>: tokio::prelude::Future`
[INFO] [stdout]            `WriteAll<Vec<u8>, _>: tokio::prelude::Future`
[INFO] [stdout]            which is required by `&mut WriteAll<Vec<u8>, _>: tokio::prelude::Future`
[INFO] [stdout]            `WriteAll<Vec<u8>, _>: tokio::prelude::Stream`
[INFO] [stdout]            which is required by `&mut WriteAll<Vec<u8>, _>: tokio::prelude::Stream`
[INFO] [stdout] 
[INFO] [stdout] 
[INFO] [stdout] error: aborting due to 3 previous errors
[INFO] [stdout] 
[INFO] [stdout] 
[INFO] [stdout] Some errors have detailed explanations: E0061, E0277, E0599.
[INFO] [stdout] 
[INFO] [stdout] For more information about an error, try `rustc --explain E0061`.
[INFO] [stdout] 
[INFO] [stdout] error: aborting due to 3 previous errors
[INFO] [stdout] 
[INFO] [stdout] 
[INFO] [stdout] Some errors have detailed explanations: E0061, E0277, E0599.
[INFO] [stdout] 
[INFO] [stdout] For more information about an error, try `rustc --explain E0061`.
[INFO] [stdout] 
[INFO] [stderr] error: could not compile `tinyhttp` (bin "tinyhttp" test) due to 4 previous errors
[INFO] [stderr] warning: build failed, waiting for other jobs to finish...
[INFO] [stderr] error: could not compile `tinyhttp` (bin "tinyhttp") due to 4 previous errors
[INFO] running `Command { std: "docker" "inspect" "207ad27810f4d9a1dc454d5157ff3fe9d92cf35100c24f021bef2e4dcf2e99b5", kill_on_drop: false }`
[INFO] running `Command { std: "docker" "rm" "-f" "207ad27810f4d9a1dc454d5157ff3fe9d92cf35100c24f021bef2e4dcf2e99b5", kill_on_drop: false }`
[INFO] [stdout] 207ad27810f4d9a1dc454d5157ff3fe9d92cf35100c24f021bef2e4dcf2e99b5
